01 a prime number?
True
Is 25350109 a composite number?
True
Is 31196989 a composite number?
True
Is 2596553 a prime number?
True
Is 99901 a prime number?
True
Is 727879 prime?
True
Is 11034271 a prime number?
True
Is 515917 a composite number?
False
Is 12238807 composite?
True
Is 49905827 a composite number?
False
Is 38446193 a prime number?
False
Is 112293563 a prime number?
False
Is 176043773 a prime number?
False
Is 5816029 a prime number?
True
Is 340201 a composite number?
False
Is 199081 prime?
True
Is 83917979 a prime number?
False
Is 22793503 a composite number?
False
Is 2152457 a composite number?
False
Is 75321179 a prime number?
False
Is 6979663 a prime number?
True
Is 7139879 composite?
True
Is 44730899 a prime number?
True
Is 161939867 prime?
True
Is 31211449 prime?
False
Is 7657103 composite?
False
Is 10989679 a prime number?
False
Is 1378301 composite?
False
Is 20819207 a composite number?
True
Is 505215317 prime?
True
Is 33229913 composite?
False
Is 6619157 a prime number?
True
Is 12474149 prime?
True
Is 2784757 composite?
False
Is 53195369 prime?
True
Is 1848383 prime?
False
Is 14606911 a composite number?
True
Is 30294779 prime?
True
Is 479461 a prime number?
True
Is 44734897 composite?
True
Is 19218971 a prime number?
True
Is 370730693 a prime number?
False
Is 1821847 a prime number?
True
Is 20390831 composite?
True
Is 64129679 a composite number?
False
Is 37668749 a prime number?
True
Is 3067849 prime?
True
Is 166801169 a composite number?
False
Is 19784857 a composite number?
True
Is 1558955 a composite number?
True
Is 15804023 a composite number?
False
Is 1655080051 a composite number?
True
Is 34218889 prime?
False
Is 9543251 prime?
True
Is 344928251 a prime number?
True
Is 1988723 a prime number?
False
Is 17497723 a prime number?
True
Is 17404601 composite?
False
Is 2369905 prime?
False
Is 13580869 a prime number?
True
Is 4515527 a prime number?
False
Is 506831939 a composite number?
True
Is 4578257 composite?
False
Is 2104997 a composite number?
True
Is 9527857 prime?
True
Is 1225117591 composite?
False
Is 5949665 composite?
True
Is 30094507 a prime number?
False
Is 63212749 composite?
True
Is 5414437 composite?
True
Is 13377613 a composite number?
True
Is 66422201 a composite number?
False
Is 51899633 a prime number?
True
Is 3664421 composite?
False
Is 97406905 composite?
True
Is 5705861 composite?
True
Is 50283797 composite?
False
Is 5750681 prime?
True
Is 3260623 composite?
False
Is 107153302 composite?
True
Is 62424403 composite?
False
Is 1157489 prime?
True
Is 175274305 prime?
False
Is 17846 composite?
True
Is 887161 a prime number?
False
Is 1068131 prime?
True
Is 1459901 composite?
False
Is 98434957 composite?
True
Is 325048799 a prime number?
False
Is 392382943 composite?
False
Is 3158863 prime?
False
Is 128813 a prime number?
True
Is 1003993 a prime number?
False
Is 168065 prime?
False
Is 20455133 a prime number?
False
Is 246529 prime?
False
Is 364706 a composite number?
True
Is 6273353 composite?
False
Is 10123693 prime?
True
Is 8297401 a prime number?
False
Is 75191159 a prime number?
True
Is 3819485 a prime number?
False
Is 105774707 a composite number?
False
Is 339879227 composite?
False
Is 31738457 a composite number?
False
Is 1711261 prime?
False
Is 48440911 a prime number?
True
Is 15330241 a composite number?
True
Is 376872679 prime?
False
Is 31800487 prime?
False
Is 32587073 a composite number?
True
Is 108265679 composite?
False
Is 15965881 a prime number?
False
Is 26683367 a composite number?
True
Is 739549 a prime number?
True
Is 793703 a composite number?
True
Is 49228559 prime?
True
Is 152874301 a prime number?
True
Is 428873163 a prime number?
False
Is 68506967 a prime number?
True
Is 13679111 a prime number?
True
Is 7133501 prime?
False
Is 322549 composite?
False
Is 55458889 composite?
False
Is 20615729 prime?
True
Is 7941229 composite?
False
Is 5597351 composite?
False
Is 6164813 a composite number?
False
Is 14751241 a prime number?
True
Is 100740517 prime?
False
Is 963341 composite?
False
Is 3919603 a prime number?
True
Is 154652401 a composite number?
False
Is 1017671 prime?
False
Is 2351591857 prime?
True
Is 55864961 a prime number?
True
Is 1875677 a prime number?
True
Is 4097503 composite?
False
Is 11031043 composite?
True
Is 2307077 a composite number?
True
Is 86303741 prime?
True
Is 4484653 a composite number?
False
Is 1581173 a composite number?
True
Is 1034729 prime?
True
Is 5758513 prime?
True
Is 4110233 a composite number?
False
Is 6110683 prime?
True
Is 36101509 a composite number?
False
Is 908245397 a prime number?
True
Is 856588213 a composite number?
True
Is 762746 a prime number?
False
Is 12867577 a composite number?
False
Is 54168514 a prime number?
False
Is 1086871 a prime number?
False
Is 245954441 a composite number?
False
Is 56807 composite?
False
Is 1788854 prime?
False
Is 22880765 composite?
True
Is 38187223 prime?
True
Is 15267842 composite?
True
Is 1856687 composite?
True
Is 60388529 composite?
False
Is 622477 composite?
False
Is 71607343 prime?
True
Is 4677973 composite?
False
Is 117561181 prime?
False
Is 1263811 a composite number?
True
Is 26459731 composite?
True
Is 269899 a prime number?
False
Is 1386188321 a prime number?
False
Is 4155311 a composite number?
True
Is 223260361 prime?
True
Is 5160523 prime?
True
Is 62528201 a prime number?
True
Is 2888441 a prime number?
True
Is 6683689 a composite number?
False
Is 2707163 composite?
False
Is 2003587 a composite number?
True
Is 94516087 a prime number?
False
Is 140249 prime?
True
Is 10605869 composite?
True
Is 1176457 a composite number?
True
Is 4749253 a composite number?
False
Is 73543 a composite number?
True
Is 3538993 prime?
False
Is 48125705 a composite number?
True
Is 22872601 prime?
True
Is 6015083 a composite number?
False
Is 194160251 a composite number?
False
Is 12066338 a prime number?
False
Is 10306939 prime?
False
Is 6964189 composite?
True
Is 8221537 prime?
True
Is 633769 prime?
False
Is 98855201 prime?
True
Is 10160821 composite?
True
Is 377098081 a composite number?
False
Is 165791323 a composite number?
False
Is 7758371 a prime number?
True
Is 76933037 a composite number?
False
Is 356188259 a prime number?
False
Is 6001741 composite?
False
Is 372625121 a composite number?
True
Is 17463701 composite?
True
Is 10480273 a prime number?
False
Is 38128873 a prime number?
False
Is 92551 prime?
True
Is 8148871 a prime number?
True
Is 46488641 prime?
True
Is 4013801 prime?
False
Is 70627369 prime?
True
Is 22405961 a composite number?
False
Is 15676943 prime?
True
Is 3601837 a composite number?
False
Is 73224721 composite?
False
Is 16456747 a prime number?
True
Is 6319435 composite?
True
Is 7553233 a composite number?
True
Is 708103 a prime number?
False
Is 33765817 composite?
True
Is 46076347 a composite number?
False
Is 1622609 composite?
False
Is 35636507 prime?
True
Is 7694971 a composite number?
False
Is 963775481 a prime number?
True
Is 1572833 a composite number?
True
Is 3195779 a prime number?
False
Is 2418287 a composite number?
True
Is 2856521 a prime number?
True
Is 82017203 prime?
True
Is 20709391 a prime number?
True
Is 153765683 a composite number?
False
Is 2432869 a prime number?
True
Is 66433309 prime?
False
Is 1468279 a composite number?
True
Is 114997559 a composite number?
True
Is 1902479 composite?
True
Is 2978749 composite?
False
Is 28518947 composite?
False
Is 28461241 composite?
False
Is 3200741 a composite number?
True
Is 495757573 prime?
True
Is 831701 a composite number?
True
Is 959773 prime?
True
Is 11414519 composite?
False
Is 4420349 a composite number?
True
Is 57563039 a prime number?
True
Is 420721379 composite?
True
Is 6747823 a composite number?
False
Is 12306607 a composite number?
True
Is 43225043 a prime number?
False
Is 205514949 a prime number?
False
Is 193867 prime?
False
Is 105805013 a composite number?
True
Is 143289823 prime?
False
Is 11935681 composite?
True
Is 3441041 composite?
False
Is 622645 a composite number?
True
Is 23591779 a composite number?
False
Is 2719229 a prime number?
False
Is 599837257 prime?
False
Is 6127873 a prime number?
False
Is 6474439 a composite number?
False
Is 9150317 prime?
False
Is 45671293 a prime number?
True
Is 1229807 prime?
True
Is 